) be the second derivative of y**6/120 - y**5/60 + y**4/24 - 43*y**3/6 + 115*y**2/2 - 2*y + 6. Let d(s) be the first derivative of t(s). Calculate d(0).
-43
Let g(k) be the first derivative of -k + 1/2*k**2 + 54. Give g(7).
6
Suppose 205*a + 831 = -306*a - 191. Let s = 1 - 6. Let w(x) = -6*x**2 - 11*x - 11. Let h(n) = 3*n**2 + 5*n + 5. Let d(k) = s*h(k) - 2*w(k). Calculate d(a).
-9
Suppose 3*w + 8*w + 110 = 0. Let d(f) = -7*f - 21. Give d(w).
49
Let u be ((-6)/(-4))/(35/(-6) - -6). Let r(p) = p**2 + 20*p - 4 - 29*p + 8. Determine r(u).
4
Let m(h) = -h**3 - 18*h**2 - 19*h - 18. Suppose -3*n + 94 = -5*c, -21*n - 39 = 3*c - 17*n. Give m(c).
16
Let f(v) be the second derivative of -2*v**3/3 - 29*v**2 + 270*v - 1. Give f(-12).
-10
Let k(g) = 44*g - 15. Let o(j) = -96*j + 33. Let t(m) = 15*k(m) + 7*o(m). Calculate t(-2).
30
Suppose 0 = q + 147 - 150. Let v(o) = q + 2078*o - 1 - 2079*o. Give v(2).
0
Let m(x) be the third derivative of x**5/60 + 5*x**4/24 - x**3/3 + 339*x**2 - 1. Calculate m(-3).
-8
Let w(b) be the second derivative of -b**3/2 + 5*b**2/2 - 2*b - 1419. Let z = 6 + -7. Let i be (-3 - (2 - z))*-1. Calculate w(i).
-13
Let r(d) = 78*d + 1. Let q be r(2). Suppose -7*t - 17 = -q. Let n(k) = -k**2 + 21*k - 25. Let v be n(t). Let o(b) = b**3 + 5*b**2 - 4*b + 5. Determine o(v).
25
Let f(d) = -9*d**2 + 2*d + 11. Let x(l) = -2*l**2 - l + 1. Let k(o) = -f(o) + 4*x(o). Suppose -9*p + 2*p = 0. Suppose 13*g - 16*g + 21 = p. What is k(g)?
0
Suppose 5*p - 7*q = -22, -3 = -34*p + 36*p + 3*q. Let o(l) = 22*l + 23. Calculate o(p).
-43
Let j = -5 - 111. Let s = -111 - j. Let w(z) = z**2 - 5*z - 2. What is w(s)?
-2
Let a(v) = 8*v + 2082*v**2 - 14 + 17*v - 10*v - 2083*v**2. Calculate a(14).
0
Let y be 650/(-910) - (-12)/7. Let l(u) = 18*u**2 - u - 1. Calculate l(y).
16
Let v be 305/10 - 5/10. Suppose -5*a - 27 + 2 = 0. Let x be v/(-4)*4/a. Let l(j) = -j**3 + 6*j**2 - 3*j + 8. Give l(x).
-10
Suppose 9*w + 3*w + 120 = 0. Let g(h) be the first derivative of h**4/4 + 10*h**3/3 - h**2/2 + 2*h + 1168. Calculate g(w).
12
Let z(w) = -24*w + 1. Let s be z(-1). Let j = -23 + s. Let h(n) = -3*n**3 + 2*n**2 + 3*n - 3. Calculate h(j).
-13
Let i(t) = -t. Let h(f) = -3*f - 1. Let w(n) = -2*h(n) - 4*i(n). Suppose -48*l - 2683 - 16853 = 0. Let g = l + 405. What is w(g)?
-18
Let d(m) = 1 + 3 + 6*m + 16 + m + 6*m. Give d(-12).
-136
Let m(q) = -80*q - 48. Let x(v) = -66*v - 49. Let f(z) = 5*m(z) - 6*x(z). Determine f(11).
10
Let h(l) be the first derivative of l**6/360 - l**5/24 - 7*l**4/24 + 2*l**3 + 134. Let r(w) be the third derivative of h(w). Give r(6).
-1
Suppose 198*k - 203*k = -z - 46, 2*z + 2*k - 4 = 0. Let a(o) = -11*o - 20. Let h(v) = -6*v - 10. Let j(s) = -4*a(s) + 7*h(s). Determine j(z).
-2
Let o(b) = -2*b**2 - 4*b - 27 + b**2 - 43 + 90. Give o(3).
-1
Let l(h) = -h - 5. Let o(t) = t**2 - 7*t - 72. Let f be o(-6). Suppose -2*n - f = c - 18, 3*c = 4*n - 4. Give l(c).
-9
Let g(r) = -r + 5. Let h(m) be the third derivative of m**5/60 + m**4/24 - 10*m**3/3 - 5*m**2. Suppose -4*o - 7 - 13 = 0. Let j be h(o). Determine g(j).
5
Let b(o) be the third derivative of -37*o**2 + 0 - 1/120*o**6 - 1/30*o**5 + 0*o + 1/6*o**3 + 1/24*o**4. Let r be -1 + 1 + (-1 - 0). Give b(r).
-1
Let z = 4 + -3. Let m(r) = 2 + r - 15*r**2 - z + 2*r**2. Let n be 5792/5068 + 30/(-14). Calculate m(n).
-13
Let n(q) = q**3 + 7*q**2 + 2*q + 8. Let x be 8 - 6/((-24)/(-20)). Let r = x + 1. Suppose 4*l - r = 2*i + 18, -i - l = 5. Determine n(i).
-6
Let h(z) = -2*z**2 - 25*z - 78. Let m be h(-6). Let o = 8 - 5. Let c(i) = 5 + 0*i**2 + 7*i - 5*i**2 + 3*i**3 + m - 4*i**o. Calculate c(-6).
-1
Let b(g) = 44*g - 18. Let u(j) = 365*j + 8032. Let l be u(-22). What is b(l)?
70
Let c = -4 - -6. Let i(s) = -s - s**3 + 13 - 6 - 2*s**c - 2*s**3. Let j(q) = 8*q**3 + 6*q**2 + 3*q - 20. Let v(t) = 17*i(t) + 6*j(t). Give v(2).
-15
Let y(w) be the third derivative of -w**6/120 + 11*w**5/60 + w**4/24 - 18*w**2 + 125*w + 2. What is y(-1)?
11
Let c(h) be the first derivative of 26*h**2 - 572*h + 1916. Give c(11).
0
Let h(c) = 161*c + 383. Let r(n) = 134*n + 385. Let k(g) = -4*h(g) + 5*r(g). Give k(-15).
3
Let x(q) = -1038*q - 3*q**3 + 2*q**3 + 534*q - q**2 + 13 + 503*q. Let y = 2 - 2. Give x(y).
13
Let m(u) = -7*u - 122. Let f(d) = 4*d**2 + 147*d - 896. Let x be f(-42). Give m(x).
-24
Let m(o) = -o**2 - 9*o. Suppose -7*f = -459 - 486. Suppose 71 = 8*s + f. What is m(s)?
8
Let w(f) = -43*f + 14. Let v(g) = 67*g - 21. Let h(t) = -7*v(t) - 11*w(t). Calculate h(-5).
-27
Let y(g) = -g**3 + 18*g**2 - 41*g - 49. Suppose 3*b - 8*b + 2*s = -73, -2*b - 2*s + 32 = 0. Give y(b).
11
Let j(r) = 5*r - 1 + 0*r**2 - 5*r**2 - 92*r**3 + 264*r**3 - 171*r**3. Let u = 3 - 5. Let x = 6 + u. Determine j(x).
3
Let o(z) be the third derivative of -z**4/24 - z**3 + 3*z**2 + 169*z. Suppose -3*i + 4 = 3*t - 2, t - 2*i - 8 = 0. Suppose -l = 1 + t. Calculate o(l).
-1
Let y(p) be the third derivative of p**6/120 + p**5/30 + 5*p**4/24 + 25*p**3/6 + 8*p**2 - 5*p + 4. Determine y(-3).
1
Let b(k) = k**3 + 3*k**2 - 53*k - 116. Let o be b(-2). Let j(a) = -a**3 - 4*a**2 + 16*a + 19. Give j(o).
-5
Suppose 33 = 11*n - 0. Suppose 3*q - 43 = -n*g + 8*g, 0 = -q - 4*g + 3. Let s(m) = -2*m + 10. Calculate s(q).
-12
Let h be -4*1*14/8 + 1. Let k be ((-25)/150)/((2 - 1)/h). Let j(u) = 28*u. Calculate j(k).
28
Let t(v) = -5*v + 16. Let b(g) = 6*g - 17. Let r(f) = -6*b(f) - 7*t(f). Let i be ((-2)/3)/((8/(-21))/(-4)). What is r(i)?
-3
Suppose -4814*j + 4848*j = 272. Let h(i) = 2*i**2 - 9*i + 9. Determine h(j).
65
Let g(a) = -7*a - 40*a**2 + 37*a**2 + 3*a + 1 + a**3. Let w be (((-30)/(-4))/3)/((-3)/(-24)). Suppose -3*f + w = 2*f. Give g(f).
1
Let l(u) = 13*u + 59. Let s be l(19). Suppose s = 5*h - 94. Let r = h - 79. Let x(p) = -13*p**2 + 1. Determine x(r).
-12
Let t(g) = 9*g - 98*g**2 + 24 + 47 + 23 + 97*g**2. Calculate t(-6).
4
Let o(s) = s**2 + 10*s + 3. Let z be ((-4929)/(-155))/(1/45). Suppose -z = 14*c + 641. Let d = 139 + c. Determine o(d).
-6
Suppose -4*i = 2*k - 10, -7*i = -2*i - 2*k - 26. Suppose 4*h + i*m - 4 = 4, 4*m = 4*h - 48. Suppose 10 = h*x + 3. Let y(l) = l**2 - 3*l + 1. What is y(x)?
-1
Suppose -68*z = -14*z + 108. Let f(d) be the second derivative of d**3 + 5*d**2/2 - 5*d. What is f(z)?
-7
Let i(r) be the first derivative of -r**3/3 + 4*r**2 + 8*r + 841. Calculate i(9).
-1
Let h = 16212 + -16205. Let m(w) = w**3 - 6*w**2 - 1. Determine m(h).
48
Let u(i) = 3*i**3 + 31*i**2 + 7*i - 35. Let q(g) = 5*g**3 + 47*g**2 + 11*g - 55. Let x(z) = -5*q(z) + 8*u(z). What is x(13)?
8
Let r(m) = 2751*m**2 - 2691*m**2 + 59 - 60 + 2*m. Calculate r(1).
61
Suppose -12*i = -5*i - 4*i - 21. Let t(x) = -6*x - 3. Determine t(i).
-45
Let m(t) = -t + 11. Let n = 16 - 14. Suppose 2*x + u - 14 = 0, n*u + 17 + 0 = 5*x. What is m(x)?
6
Suppose 0 = -3*d - 12, 42*i - 18 = 40*i + 2*d. Let w(g) = -3*g - 20. What is w(i)?
-35
Let i(x) = -x**2 - 9*x + 1. Let n(a) = -a**3 - 12*a**2 - 12*a - 15. Let f be n(-9). Let t be 3*9*50/f. Calculate i(t).
1
Let d(r) = -r + 1. Suppose -b + 27 = 24. Let z(s) = -2*s + 10. Let g(w) = b*d(w) - z(w). Calculate g(-4).
-3
Let n be (3/5)/(1085/(-100) - -11). Suppose j + 2*j = 6. Let w(l) = l - 8*l - 2*l**3 + 3*l**3 - 3*l**j + 5. What is w(n)?
-7
Let w = -5327 + 5339. Let h(m) = 8*m - 100. What is h(w)?
-4
Let g(o) = o**3 - 8*o**2 + 4*o + 5. Let p(a) = a**3 - 20*a**2 - 21*a + 7. Suppose -9*t + 117 = -72. Let u be p(t). Determine g(u).
-16
Suppose 0 = -2*t + t. Let f = t - -6. Let q(b) = 7*b + 5. Let z(c) = -12*c - 8. Let w(n) = -5*q(n) - 3*z(n). Calculate w(f).
5
Let j = -4 - -9. Suppose -2*i = k + 10, 6 = j*k - 5*i - 19. Let s(u) = -976*u**2 - u - 8 + 493*u**2 + 3 + 484*u**2. Calculate s(k).
-5
Let d(j) = -4*j - 5. Let f(v) be the second derivative of -5*v**3/3 - 5*v**2 - 8*v + 3. Let t(r) = 7*d(r) - 3*f(r). Let x be -3 + 30/4 + 1/2. Calculate t(x).
5
Let q(n) = 4*n + 1273*n**2 - 3 + 2*n - 643*n**2 - 631*n**2. Let g = 5 + 25. Suppose -o - 4*o = -g. Determine q(o).
-3
Let n(c) = -4*c - 1. Let x(b) = -b**2 + 8*b. Let z be x(6). Suppose z*m + 44 = -10*m. Determine n(m).
7
Let d(w) be the third derivative of -w**6/120 + w**5/60 + w**4/24 - 3*w**3 + 3*w**2. Let f = -214 + 228. Suppose -18*l = -f*l. Determine d(l).
-18
Let d(v) = v - 56. Let x = -1252 + 1268. Calcul